 - (12 - -12)) + 14.
4
Evaluate (12 - 24 - 10) + 36.
14
Evaluate -35 + 14 - -18 - (1 - -4) - 1.
-9
What is (1 - 26 - -5) + (2 - 10) - -2?
-26
-14 - (32 - (43 + -23))
-26
What is the value of -10 + -5 - -3 - (-5 - -9)?
-16
What is the value of ((28 - 14) + -16 - 9) + -9?
-20
What is 11 - (-23 + -3 - -43)?
-6
Calculate (-16 - ((-2 - -2 - 5) + 5)) + 4.
-12
Calculate 2 + -19 + (-88 - -105).
0
6 + -11 + (12 - 5 - (-8 - -1))
9
Evaluate (15 + 9 - (12 + -9)) + -4.
17
What is 15 + (-1 - (6 + -22 - -7)) + -3?
20
What is the value of 6 - (-3 + 9 + (5 - -4))?
-9
Evaluate 8 + -4 + -7 + 9 - (0 - -1).
5
(-8 - -5) + (-2 + -1 - 1 - -5)
-2
Evaluate -1 + -12 + (-21 - -32).
-2
(-10 - 6) + -6 + 20
-2
5 - -1 - ((9 - (17 - 11)) + -6)
9
(6 - (7 + -7)) + -18 - (-2 + 1)
-11
What is the value of -4 - (16 + 6 + -27)?
1
Evaluate -9 + 28 + 4 - (-19 + 18).
24
(290 - 291) + 0 + -1
-2
What is (-7 - (1 - -1) - 15) + (8 - 1)?
-17
What is the value of -80 - (39 + -41 - 39)?
-39
-8 - (-1 - 10) - 3 - 6
-6
What is the value of -19 - (37 - 4 - 29)?
-23
What is the value of -15 + (55 + -3 - 23)?
14
Calculate 12 - (1 - (1 + -29)).
-17
What is the value of (-5 - -1 - 1) + -6 + 1?
-10
Evaluate 39 + (-10 + -7 - -1).
23
Evaluate -29 - (-10 - (16 + 7)).
4
0 + 2 + -36 + 30 + 1 - -20
17
-5 + 2 + (7 - -8)
12
Calculate 7 + (2 + -5 - 0 - (4 + -8)).
8
What is the value of 13 + 1 + -1 + -5 - (28 + -16)?
-4
What is the value of (-7 - 0 - -1) + -4 - -8?
-2
Calculate 0 + (4 + -7 - 1) + (-31 - -37).
2
What is the value of (5 - -3) + (5 - (-1 + 1)) - -9?
22
Calculate 5 - -3 - 3 - 19 - -2.
-12
Evaluate -9 + (20 - (17 + 5)).
-11
What is the value of -10 - (3 + -1 - (27 + 0))?
15
Calculate 2 + 1 + -2 + (-9 - 7) + 8.
-7
What is the value of -21 + -7 + 5 + (5 - -4)?
-14
Evaluate -2 + 7 + 9 + -21.
-7
Calculate -4 + -1 + 17 + -4 + 5 + -6.
7
What is -1 - (-7 + -4 + 37) - 3?
-30
What is 61 + -46 + 0 + -9 + -7 + -2?
-3
What is the value of 8 - (-1 + (0 + 2 - 8))?
15
What is the value of -84 + 44 - 1 - -29?
-12
Calculate 5 + -11 + (-12 - (5 + -23)) + 15.
15
Calculate (-17 - -15) + 8 + 1 + -9 + 19.
17
What is (-9 - (6 + -28 + 2)) + 1?
12
What is the value of 5 + (-22 + 14 - 4)?
-7
-5 + (21 - (6 - -5)) + -21
-16
Evaluate -5 + (-5 - (2 - -9)).
-21
What is the value of (-6 - -20) + (-1 - (-9 + 9))?
13
14 - (-1 + 0 + 7 + -7 + -2)
17
What is the value of -3 + -7 + (7 - -2) + 4?
3
(48 - 3) + (20 - 33)
32
Evaluate 1 + (1 - 9) + (-13 + 23 - 1).
2
What is the value of (7 - 2) + (-1 + 1 - 1)?
4
Evaluate (9 - -1) + -5 - 7 - (-4 - -8).
-6
What is the value of 11 + -1 + -695 + 684?
-1
What is 3 - -2 - 1 - (1 + 3 + -6)?
6
Calculate 1 + -1 + (14 - (14 + (2 - 12))).
10
Calculate -59 + (7 - -3) + 12 - -19.
-18
What is 10 - (-20 + 4 - -14)?
12
What is the value of (-69 - -74) + (6 - (-4 + 3)) - 7?
5
What is the value of -15 + 12 - (0 - -7) - (10 + 0)?
-20
What is -3 + -1 - ((-12 - -4) + -1 + 3)?
2
Evaluate -10 + 2 + 15 + -19.
-12
1 + 2 + -56 + 51
-2
What is (11 - (-11 + 16 - -12)) + -2 + 0?
-8
What is the value of -1 + (8 - -2) + -15 + 1?
-5
Evaluate 45 - (1 + 16 - -5).
23
What is the value of -5 + (-8 - (-2 + 4) - (66 - 69))?
-12
-6 + (-7 - -18 - 6) + -7
-8
Calculate -17 + (-5 - (-10 - (17 - 22))).
-17
Evaluate (2 - (-26 - -27)) + 14.
15
What is the value of -4 + (-13 - -12 - 14)?
-19
-4 - (-7 + (4 - -8 - 2))
-7
Evaluate -7 + 13 - (10 + (11 - 13)).
-2
Calculate -17 + 0 - (-53 + 13 + 27).
-4
-13 + (-4 - (-3 + (-21 - -11)))
-4
What is the value of 17 - (-14 - (-19 - 31 - -20))?
1
Calculate 10 - (6 + (18 - 19)).
5
6 - ((-2 - (-1 - (-5 + 1))) + 1)
10
9 - 17 - (-3 + -6 + 12)
-11
(-795 - -797) + (-17 - 2) + (-1 - -2)
-16
22 + -23 + -30 + (12 - 0)
-19
What is the value of 4 - (-25 + 22 - 10)?
17
Evaluate -9 - (5 + -4) - (2 - (1 + 0)).
-11
What is 0 - (-15 + -7) - 3 - (-4 - 7)?
30
Calculate -10 + -6 + (1 - -8) + -7 + 6.
-8
What is the value of 5 + 7 - (24 - 5)?
-7
Evaluate -2 + 11 + -4 + (-1 - 1).
3
What is the value of (-6 - ((-5 - -11) + -16)) + -1?
3
What is (-4 - -1) + -14 + 10 + -4?
-11
Evaluate -18 + 8 + -7 + 8 + -13.
-22
Calculate -6 - (-13 - (-11 - -11)).
7
What is the value of (-6 - -2) + -2 - (25 - (43 + 4))?
16
What is 8 + (10 - 3 - (2 - 3 - -4))?
12
What is the value of -4 - (-1 + -12 + (-163 - -157))?
15
What is the value of 125 - 128 - (-11 - 1)?
9
Calculate 8 - (-16 - (13 - (-11 - -17))).
31
Evaluate -11 - (23 + -26 + 7).
-15
-13 - (-107 - -119 - (21 - -1))
-3
What is -782 + 785 - (-26 - -1)?
28
Calculate 23 - (3 + (-4 - -9)).
15
Evaluate -1 + -16 + 6 - (14 - 7 - 12).
-6
What is (0 - -14) + 1 + -320 + 326 + -4?
17
14 + -3 + -9 + (3 - -1)
6
What is the value of 8 - ((-9 - -7) + (3 - (9 - 7)))?
9
Calculate 4 + (-6 + -8 - 12).
-22
-11 - (4 + (1 - 2) + -5 + 1)
-10
Evaluate (4 - (10 - 14)) + -31 - -3.
-20
What is the value of -9 + -32 + 12 + 30?
1
Calculate 6 + -1 - (44 - (-31 - -52)).
-18
Evaluate -2 + -7 + 4 - (-3 + -7 + 15).
-10
(-21 - -21 - (-2 + 2)) + -3
-3
16 + (-18 - (13 + -1))
-14
Evaluate 1 + -2 + 0 - -3 - -4.
6
Evaluate -8 + 9 - -2 - (2 - 10).
11
What is the value of 39 + (-2 + 3 - (67 - 52))?
25
-6 + (-9 - -12 - 6) - -11
2
What is 13 + (-2 - -4 - 7)?
8
Calculate -9 - (-15 + (37 - 31) - (0 - 1)).
-1
Calculate (0 - 4) + (21 - 7) + -2 + -9.
-1
What is -3 - -3 - (-27 - -39)?
-12
What is 0 + (11 + -24 - -8)?
-5
Evaluate (0 - -5) + (-3 - (18 - 27)).
11
Calculate 7 + -3 + (-10 - (-7 + 3)).
-2
What is the value of -5 - -8 - (2 + -14)?
15
(-9 - 0) + (-9 - (-2 - 12))
-4
Evaluate 14 - (16 + 3 + -11).
6
What is -13 + -8 + 48 + -13 - 30?
-16
What is the value of 0 - ((-26 - -25) + -4 + -1)?
6
(0 - (12 - -1) - 1) + (11 - 5)
-8
Evaluate (9 - 11 - (-1 - 6) - 3) + -1.
1
Evaluate -25 - -1 - (91 + -111).
-4
What is the value of (-28 - -47) + -2 + (0 - 5)?
12
Calculate 913 + -908 + (1 - 10).
-4
-313 + 296 - (-2 - 1)
-14
Calculate (0 - -7) + (-1 - 0 - -1).
7
What is 86 + -64 + -21 - (-14 - -1)?
14
Calculate (15 - 28 - (-2 + -2) - -3) + 29.
23
Evaluate 9 + -7 - (6 - (-3 - -18)).
11
What is the value of 4 + (-3 + (-5 + 7 - 3) - 8)?
-8
Evaluate 0 - 0 - -10 - (13 + -5).
2
What is the value of 21 + -12 + -2 - 12?
-5
Evaluate (-17 - (4 + -25 + 2)) + (0 - 3).
-1
Calculate 4 + (-10 + 8 - -4).
6
Evaluate (6 - (25 - 5)) + -158 + 144.
-28
-17 + 7 + -2 + 6
-6
(-428 - -436) + (-2 - 1 - 0) - -5
10
Calculate -5 + 2 + 1 - (-266 + 260).
4
(-177 - -157 - (0 + -26)) + (21 - 1)
26
What is the value of 23 + -16 + (8 - (0 + 12 - 7))?
10
What is the value of 10 - (-10 + 7 - 17) - 11?
19
What is the value of 1 + -8 - 0 - (-12 - -11 - 8)?
2
Evaluate -28 - (3 + -2 + 5 + (-2 - 10)).
-22
What is the value of (-26 - -10) + 9 + 13?
6
Evaluate -42 - (-2 + (19 - 36)).
-23
What is the value of (0 - 3 - -4 - 4) + 245 + -220?
22
What is (-2 - -3) + (14 - 38) + 27?
4
What is the value of -30 - (43 + 13 + -64)?
-22
(8 - (0 - -4)) + 3 + (0 - 18)
-11
What is 0 - -15 - (6 + -8) - 1?
16
What is 163 - 147 - (-2 - -34)?
-16
Calculate -2 + 3 - (4 + 0 + 307 + -311).
1
(-17 - 1) + 3 + (48 - 73)
-40
Calculate -7 - ((7 - 8) + 2 - 7).
-1
Evaluate -9 - -1 - (2 + -2 + (7 - 5)).
-10
What is (3 - (5 - 0)) + (61 - 57)?
2
Evaluate 1 + (1 - 11) + (-106 - -125).
10
11 + (-27 - -11) + 11 + (1 - 2)
5
(-6 - (-2 - 32) - -1 - 0) + 7
36
17 + (-5 - -1) + 2 + -9 + 5
11
What is the value of 8 + (-7 - -2 - 7)?
-4
What is -6 - (31 - 15 - 16)?
-6
Calculate 60 + -13 + (-59 - -39).
27
What is (0 - -1) + 5 + (-19 - -13) + -17?
-17
What is 19 - 22 - ((-5 - 2) + -2)?
6
What is (2 + 1 - (-4 + 1)) + 34 + -56?
-16
What is (2 - (-6 - ((16 - 0) + -12))) + -44?
-32
What is -489 + 457 + -5 + 1 - (-1 - 5)?
-30
Evaluate (1 - -1) + -10 + 16 - -1.
9
Evaluate 0 + 16 + 6 - (-2 + 9).
15
What is the value of -44 + (45 - 20) - -17?
-2
Calculate -20 - -8 - (-5 - 6).
-1
-6 + (18 - (-13 - -13))
12
Calculate -20 + 15 - (6 + 9 + -3 + 0).
-17
What is (-638 - -601) + (40 - 1)?
2
What is -1 + (19 - (13 - 2)) + (-19 - -1)?
-11
What is the value of -7 - 3 - (-33 + -38 - -26)?
35
(-16 - (10 + -17)) + (2 - 26)
-33
Calculate -10 + (2 - -1) + 10 + -23.
-20
-3 + 1 + (9 - 7)
0
Evaluate 2 + (-3 - 1) - (-6 + 12 - 3).
-5
What is 7 + ((4 - 0) + 1 - 2)?
10
What is the value of -4 - (-17 + (2 - 1) - (-1 + 3))?
14
Evaluate 17 - (16 + -21 + 6).
16
-5 + -5 + -2 + -6 + 13
-5
11 + 7 + 5 + -21
2
-15 - ((-29 - 5) + 14)
5
Evaluate 3 - (2 + -7 + -4 + 